. Let r = 2 - 0. Suppose -b - r = -n. Give d(n).
-11
Let v = 1 + 3. Let b(w) = 3 - 7*w + 6*w + v - 1. What is b(6)?
0
Let b(a) = 3*a**2 - 4*a**2 - a - a**3 + 1 + 3*a. Let i = 54 + -56. Give b(i).
1
Let f(k) = -10*k**3 + 2*k**2 + 2*k + 1. Let x = -6 - -5. Calculate f(x).
11
Let k(i) be the first derivative of i**2/2 - 17*i - 19. Let u be 0/2 + (2 - 2). Calculate k(u).
-17
Let y(d) = d. Let b(k) = 11*k + 4. Let j(z) = -b(z) + 4*y(z). Determine j(-3).
17
Let l(k) be the third derivative of 3*k**2 - 1/15*k**5 + 0 + 1/3*k**3 + 0*k + 1/24*k**4 + 1/120*k**6. Calculate l(3).
-4
Let h(x) be the second derivative of -x**4/4 - x**3/2 + 5*x. Let k(y) = -y**2 + 9*y - 2. Let m be k(9). What is h(m)?
-6
Let j(s) = -s**2 + 7*s + 1. Let o be j(7). Suppose 0 = -v - o. Let t(x) = 7*x. Determine t(v).
-7
Let g(b) = -b - 2. Let q be (-8)/36 - (-38)/9. Let s be ((-2)/4)/(q/8). Determine g(s).
-1
Let g(z) be the first derivative of -z**3/6 - 7*z**2/2 + 4*z - 5. Let v(s) be the first derivative of g(s). Calculate v(-5).
-2
Suppose -4*d + 10 = 3*j, -4*d - 27 = -5*j + 11. Suppose j*r = r + 10. Let m(w) = -w**2 + 1 - 2*w**2 + 2*w**3 - w**3 + w. Give m(r).
-1
Let q(t) be the second derivative of t**3/2 - t**2 - 3*t. Calculate q(4).
10
Let u(h) = 5*h**2 - 1. Let j(k) = 3*k**2 - 1. Let d(b) = 7*j(b) - 4*u(b). Calculate d(-3).
6
Let i(m) = -m**2 + 7*m. Let h be i(6). Let o(r) = 5 - 5 - 16*r + 17*r + 7. What is o(h)?
13
Suppose 0 = -2*j - 2*o - 4, 7 + 1 = -2*j - 4*o. Suppose j = 2*d - 6*d + 12. Let f(v) = 0 - 3*v**2 - 3 + 0*v**2 - v**2 - v**d. What is f(-4)?
-3
Let o = 6 + 1. Let y = o + -7. Let u(v) = v**3 - 4*v - 2*v**3 - 6 + y*v**3 - 6*v**2. Determine u(-5).
-11
Suppose -4 = -3*o - 5*c, -2 + 10 = 4*o + 4*c. Let h(m) = -3*m**2 - m**o + 12 - 3*m**2 - 6 + 0*m**2 + 7*m. What is h(-7)?
6
Let x(o) = 5*o + 2. Let y(n) = -2*n - 1. Let r(f) = 3*x(f) + 7*y(f). Give r(0).
-1
Let c(d) = -d**3 - d**2 - 2. Let r be 2 - 12/(-18)*-3*1. Give c(r).
-2
Let v(w) = -w**2 + 5*w + 2. Let a(g) = -g**3 + 10*g**2 + g - 6. Let y be a(10). Let x(k) = k**2 - 5*k - 1. Let p(o) = y*x(o) + 3*v(o). What is p(5)?
2
Suppose 3*z - 7 = -4*p - 19, 5*z + 3 = -p. Let i(s) = 6*s**2 + s + 3. Let h(t) = 5*t**2 + t + 2. Let d(a) = 4*h(a) - 3*i(a). What is d(p)?
14
Let z(s) = -2*s + 3. Let w be 5/10 - (-14)/4. Determine z(w).
-5
Let o(s) = -s**3 - 4*s**2 + 7*s - 5. Let v be ((-1)/1)/(2/(-8)). Let n(c) = -c. Let g(r) = v*n(r) + o(r). Suppose -w - 2*w - 15 = 0. Calculate g(w).
5
Let u(m) = m**2 - 4*m + 2. Suppose 0 - 3 = -q. Let z be u(q). Let j(k) = 5*k**2 + k + 1. Calculate j(z).
5
Let k(j) = -27*j**2 - 5*j - 5. Let z(n) = 121*n**2 + 22*n + 22. Suppose -4*d - 88 = -2*f - 2*f, 4*d + 5*f + 88 = 0. Let b(g) = d*k(g) - 5*z(g). Give b(1).
-11
Let a(t) be the second derivative of -t**4/12 + t**3/3 + t**2 - 11*t. Give a(5).
-13
Let v(n) = n - 11. Let u(l) be the third derivative of -l**4/4 - l**3/6 + 2*l**2. Let d be u(-1). Calculate v(d).
-6
Let m be 9/(-36) - (-13)/4. Let y(q) be the second derivative of q + 2*q**2 + 0 + 1/2*q**m. Determine y(-3).
-5
Let l(n) = n**3 + 6*n**2 - 7*n - 4. Suppose -2*r - 18 = 2*w - 0, -4*w - 5*r = 38. Determine l(w).
-4
Let x(s) = -s**2 + 5*s + 1. Let c(y) be the third derivative of y**5/12 - 5*y**4/6 - 2*y**3/3 - 2*y**2. Let t(m) = 2*c(m) + 9*x(m). Calculate t(-4).
-3
Let n(a) = a**2 + 2. Let d(h) = 2*h**2 + 1. Let v(i) = -2*d(i) + 3*n(i). Let m = 5 + -2. What is v(m)?
-5
Let s(m) be the first derivative of -2*m**2 - 2*m - 3. Give s(2).
-10
Let t(k) = -3*k**3 + 3*k**2 + 4*k**3 - 3*k**2 - 16. Determine t(0).
-16
Let m(z) = -z**3 - 6*z**2 + 4*z - 20. Let b be m(-7). Let n(l) = 14*l - 1. What is n(b)?
13
Let d(i) = -i**2 + 5*i + 2. Let u be d(4). Let n(c) = -2*c + u*c - c. Give n(-4).
-12
Let h = 7 - 10. Let r(w) = -2*w**2 - 4*w - 4. Calculate r(h).
-10
Let i(p) = p**2 + p - 1. Let m = -46 - 26. Let l be m/(-15) - 1/(-5). Let a(o) = o**2 - 4*o - 5. Let u be a(l). Give i(u).
-1
Let s(l) = -1 + 3*l - 3 - 2*l - 3. Give s(6).
-1
Let p(g) = -g**2 + g + 5. Let q(b) = -b + 6. Let f be q(0). Let x be 2/9 + f/(-27). Determine p(x).
5
Let s(y) = -1 - 2*y**2 + 3*y**2 - y + 6*y. Let z(b) = b**2 + 4*b - 1. Let l(v) = -4*s(v) + 5*z(v). Determine l(2).
3
Let r be (-2 + 14 + 0)*6/(-9). Let y(f) = f + 7. What is y(r)?
-1
Let l(j) = j**3 + j + 3. Let o(z) = 1. Let c(f) = l(f) - 4*o(f). Give c(0).
-1
Suppose 3*x = -2*t - 0*t + 2, -5*x - 2*t + 2 = 0. Let h = 6 + x. Let b(d) = 4*d**2 - 2*d + 3*d**2 + 8*d**3 + 1 - h*d**2. Calculate b(1).
8
Suppose 5*f + 5*k - 15 = 0, -4*f = -k - 3*k - 12. Let q(w) = 3 - f*w + 3 - 1 - 4. What is q(3)?
-8
Let m(a) = -3*a + 3. Suppose 4*x + 4*c = 0, x - c = -4*x - 18. Give m(x).
12
Suppose -3*v + 4*c + 2 = 3*c, 4*v - 2*c = 0. Let s(f) = 4*f**2 + 3 + 5 - 1 - f**3 - 5*f**v + f. Let i(h) = h + 5. Let j be i(-5). Determine s(j).
7
Let i(u) = -u**2 + 12*u - 15. Let m(p) = -p**2 + 12*p - 14. Let b(q) = -5*i(q) + 6*m(q). Give b(10).
11
Suppose 0 = 3*s - 4*s - 3. Let l be (4/(-3))/(4/(-18)). Let a(m) = -m + 2. Let w(p) = -1. Let r(y) = l*w(y) + a(y). Calculate r(s).
-1
Let w(h) = -h - 2. Let q be w(-4). Let m(i) = q + i + 1 - 2. Let x be (-5)/((-10)/4) + -5. Calculate m(x).
-2
Suppose 0 = 5*f - 18 - 7. Let u(s) be the second derivative of -s**6/360 + s**5/30 - s**3/6 - 3*s. Let d(k) be the second derivative of u(k). What is d(f)?
-5
Let m(h) = -2 - 5 - 3 - 2*h + 1. What is m(-6)?
3
Let l(i) be the second derivative of -i**5/10 - i**4/6 + i**3/6 - i**2/2 - 4*i. What is l(-2)?
5
Suppose 6*z + 31 = z + 4*j, 0 = -z - 5*j + 17. Let q(a) be the second derivative of a**4/6 + a**3/2 - 2*a**2 - 19*a. Give q(z).
5
Let b(d) = 2*d**2 - 7*d + 7. Let n(f) = -f**2 + 4*f - 3. Let l(z) = -2*b(z) - 5*n(z). Suppose -u - 1 = -3*g - 3, g - 11 = -2*u. Determine l(u).
-4
Let q = -3 + 3. Let w be (-3 - -2)/2*q. Let p be (1 + -2 - w)*-2. Let m(t) = t**2 - t - 1. Calculate m(p).
1
Suppose -30 = -3*o - 0*o - 3*t, -4*o = 3*t - 35. Let i(n) = -n**2 + 6*n - 6. Let u be i(4). Let m(p) = p**2 + 4 + 4*p**u - p**3 - p + 0*p**3. Calculate m(o).
-1
Let s = 102 - 107. Let g = -11 - -17. Let i(f) = g*f**2 - f**2 + 4*f + f**3 - 3*f + 2. Calculate i(s).
-3
Let o = -2 + 2. Let f(l) = o*l - l - 5 + 0*l. Suppose 4 = -2*h + 4*h + 5*v, 0 = 5*h + 5*v + 5. Determine f(h).
-2
Let v(z) = z**3 + z + 1. Let n(r) = 3 + r**3 - 5*r - 3*r - 3*r**3 - 14 - 6*r**2. Let m(h) = n(h) + 3*v(h). Calculate m(7).
6
Suppose 11*q = 10 + 34. Let c(y) = y + 1. What is c(q)?
5
Let l(r) = -2*r + 6. Let i(p) = 2*p. Let v = 2 - 0. Let x be i(v). Let a be l(x). Let y(m) = m**2 + 2*m + 3. What is y(a)?
3
Let y(w) be the first derivative of w**4/4 - 4*w**3/3 - 3*w**2 + 4*w - 1. Let t be (2 - 1 - 6)*1. Let p be (-1)/2*t*2. Calculate y(p).
-1
Let w(h) be the second derivative of -h**3/6 + 3*h**2/2 + h. Let i = 99 - 102. Calculate w(i).
6
Let j(y) = -y - 4*y**2 + 2*y + 3*y**2 + 9. Calculate j(0).
9
Let v(u) = 5*u - 6*u - 178*u**3 - u**2 - 1 + 179*u**3. Calculate v(2).
1
Let j(f) be the second derivative of f**3/6 - 3*f**2/2 - f. Suppose 2*y + u + 4*u = -20, -4*u = 2*y + 16. Give j(y).
-3
Let n(j) = -5*j**2 - 6*j - 3. Let m(w) = -9*w**2 - 12*w - 7. Let c(f) = 4*m(f) - 7*n(f). What is c(-6)?
-7
Let a be (3 - 0/(-1))/1. Suppose a*o - 1 = -10. Let r(z) = z**3 + 4*z**2 + 4*z + 4. Let c be r(o). Let f(t) = t + 1. Determine f(c).
2
Let m(v) = 3*v**3 + v**2 - v + 1. Let f be (-104)/(-18) + ((-145)/(-45) - 3). Suppose -5*y = -j - 0*j, -5*y = 4*j + 25. Let p be y/(-2*3/f). What is m(p)?
4
Let z be (-15)/(-20) + (-54)/8. Let t(a) = a**2 + 8*a + 8. Calculate t(z).
-4
Let u = 8 - -2. Let v be 48/40 + (-2)/u. Let z(i) = 6*i. Calculate z(v).
6
Let j(n) = n**2 + 1. Let z be ((-10)/(-15))/(4/18). Suppose 1 = z*b - 2. What is j(b)?
2
Let p(k) = -6*k**3 - 2*k - 1. Let f be p(-1). Let m = -3 + f. Let d(z) = 4*z**2 + 3 - m*z + 5*z - 5*z**2. Determine d(-3).
-9
Let t(i) = 0*i**3 - i**2 - 2*i**3 + 5*i**3. Let f(j) = -j**2 + 6*j - 5. Let c be f(5). Suppose c*n + n = -1. Determine t(n).
-4
Let m(o) be the first derivative of 1 - 2*o - 3/2*o**2. Determine m(2).
-8
Let v = 15 + -22. Let c(g) = -g - 1. What is c(v)?
6
Let f = 21 + -17. Let i(o) = -o + f - 1 - 2 - o. What is i(-2)?
5
Let a(t) be the first derivative of -2*t**3/3 + 3*t**2/2 - 2*t + 6. Give a(3).
-11
Let b(m) = -4*m**2 + 14 + m*